 Is t(-5) a composite number?
False
Let s(k) = -k + 8. Let n be s(6). Suppose 0 = -n*f + m + 330, 340 = 3*f + 2*m - 141. Suppose 0 = 3*y + 4*w - 123, 4*y + 7*w - 2*w = f. Is y a composite number?
False
Let g(q) = 7*q**2 - 57 - 6*q**2 + 8*q**2 - 6*q - 7*q. Is g(-16) a composite number?
True
Is 9 + 174/(-319) + (-3882572)/(-22) a composite number?
False
Let i(h) = 29684*h + 2855. Is i(25) composite?
True
Suppose 0 = 8*w - 10*w - 2916. Let t = 209 - w. Suppose -3*l - r + 1312 + t = 0, 5*r = -5*l + 4965. Is l a prime number?
False
Let u(c) be the second derivative of -c**4/6 - 17*c**3/6 - 3*c**2 + 15*c. Let j be u(-8). Suppose j*l = 2*t - 540, -2*t + 4*l = -t - 285. Is t composite?
True
Let f = -1465 + 15216. Is f prime?
True
Suppose -2*s + 12030 = k + s, 0 = -4*k + 2*s + 48190. Suppose 717 + k = 9*z. Let j = z - 723. Is j a composite number?
True
Suppose -d - 1 + 0 = -p, 25 = 5*p. Suppose 16*r - d*r - 72 = 0. Suppose 305 = r*o - 169. Is o composite?
False
Let z = 27 - 29. Let w(g) = -2*g**3 - g**2 - 2*g - 3. Let r be w(z). Suppose -2*k + r = -277. Is k a prime number?
False
Suppose m - 4*m - 9567 = 0. Let h = -1940 - m. Is h prime?
True
Suppose -3*w + w + 4*r + 7622 = 0, -3787 = -w - 4*r. Is w a composite number?
False
Let x(o) = o**2 + 12*o - 14. Let u be x(-14). Suppose -9*d - 1010 = -u*d. Is d prime?
False
Suppose 14*d - 16*d - 5*g + 390233 = 0, 2*d = -4*g + 390234. Suppose 68990 + d = 23*n. Is n composite?
False
Let v(b) = -109*b - b**3 - 25 - 11*b**2 - 10*b**2 + 89*b. Is v(-29) composite?
False
Let y be 22 + (2 - -2)/(-2). Let b be ((-8)/y)/(((-6)/(-2))/6945). Let h = 1632 + b. Is h prime?
False
Let y = -10 + 24. Suppose 5392 = -10*j + y*j. Is (j/6 - 2) + (-3)/(-9) prime?
True
Let u(h) = 1325*h + 9. Let a be u(-4). Let w = a - -8018. Suppose -2*d + d + 1356 = n, 0 = -2*d + n + w. Is d a prime number?
True
Suppose 421*p = 439*p - 267606. Is p a prime number?
True
Let b(y) = -10*y + 26*y**2 - 7 + 4 - 4 + 3*y. Is b(6) composite?
False
Let o(a) = 362*a**2 - 21*a + 182. Is o(11) composite?
False
Suppose 3*f + 18 = 9*f. Suppose -4*q + 8 = 2*u - 8*q, f*u - 4*q = 18. Is 16/(-20) - ((-5598)/u + 2) prime?
True
Suppose -2*j = w + 2*j - 18, 3*w + 5*j - 33 = 0. Suppose 3*q + 3*f - 20853 = 0, 8*q - w*q - 2*f - 13886 = 0. Is q a prime number?
True
Suppose 0 = 3*y - 3, 162*f - 160*f - 2*y - 1604660 = 0. Is f prime?
True
Suppose -6*n = t - 2*n - 25589, 5*n - 51193 = -2*t. Suppose 3*c - 3*s - 76809 = 0, -3*s - t = -c + s. Is c a composite number?
False
Let z(g) = -2*g**3 + 26*g**2 - 33*g + 17. Let r be z(13). Let b = r - -2145. Is b composite?
False
Let f(n) = -3*n + 10. Let m(d) = -2*d**2 + 16*d + 4. Let q be m(8). Let r be f(q). Is 54 - r - 21/7 composite?
False
Suppose 10*u + 402364 = -10*u + 22*u. Is u prime?
False
Is (19/(19/(-4)))/((-4)/246527) a prime number?
True
Suppose -x - 3*r = -6*r + 10468, 3*r + 41932 = -4*x. Let n = -5429 - x. Is n a composite number?
False
Suppose -22*i + 18*i + 7359802 = 34*i. Is i a prime number?
True
Suppose -332 = 4*k + 72. Let j = 93 + k. Is 6/(-24) - (2 - (-106)/j) composite?
False
Let f(p) = 11*p**2 + 5*p - 103. Let m be 7/1 - (25 - 2). Is f(m) prime?
True
Let s(o) = o**3 - 10*o**2 + 11*o + 9. Let x be s(9). Let t be (0 - -5) + x/(-9). Suppose -5*d = -t*j - 1459, -j - 671 = -3*d + 205. Is d prime?
True
Let g be 32272/(-48) + (-2)/(-6). Let n = g + 11685. Is n a composite number?
True
Let o(i) = -10*i**3 - 31*i**2 - 10*i + 202. Is o(-27) composite?
False
Let t = 26317 + 54696. Is t a composite number?
False
Let o(z) = -369*z - 1286. Is o(-63) a prime number?
True
Suppose 2*v - 2526 - 1240 = -4*s, -4 = 4*v. Is (-7)/(4704/s - 5) a composite number?
True
Suppose 4*a = -0*a + 236. Suppose -2*o + 2*q + 5 + a = 0, -4*q = o - 12. Suppose 4*i = -4*z + 56, 4*z - o = 2*z + 2*i. Is z a prime number?
False
Let x(r) be the third derivative of 655*r**4/24 + 2*r**3 - 2*r**2 - 48*r. Is x(7) a composite number?
False
Let v(b) be the third derivative of 0 + 7*b**2 + 0*b - 1/60*b**5 - 13/6*b**3 - 1/12*b**4 + 1/120*b**6. Is v(6) prime?
False
Suppose 0 = -4*x - 3*g + 198895, -149180 = -46*x + 43*x - g. Is x composite?
True
Let a(o) = 1166*o**3 + o**2 + 32*o - 38. Is a(5) a prime number?
True
Suppose 3*y + 2*y = -3*k + 284453, 3*y + 4*k = 170674. Let g = 86679 - y. Is g prime?
True
Let l(f) = -301*f + 101. Let w be l(-9). Suppose 0 = -2*u + 3*q + 2261, -4*q = 4*u - 1742 - w. Is u prime?
False
Suppose -11*o + 24677946 = 46*v - 7*o, 1609430 = 3*v - o. Is v a prime number?
False
Let l(r) = 474*r - 5573. Is l(45) composite?
True
Let u(q) = 13*q**2 + 3*q - 22. Let s be u(-17). Let i = -1163 + s. Suppose 2*c = -3*v + 7563, v = -5*c + c + i. Is v a composite number?
False
Let i(u) = 33*u**2 - 51*u + 605. Is i(-71) composite?
False
Let u(r) = -3*r**3 - 5*r**2 + 4*r - 29. Let a(p) = 5*p**3 + 9*p**2 - 6*p + 58. Let y(c) = -4*a(c) - 7*u(c). Is y(7) a composite number?
True
Suppose 2*x - o - 2029754 = 0, -x + 3*o = -2*x + 1014863. Suppose -42*u + x = -251887. Is u composite?
False
Suppose 3*y + 56915 = 2*w, 2*w - 48017 = 2*y + 8903. Is w composite?
True
Let d(t) = 356*t - 35. Let m be d(6). Suppose -32*l + 33*l - m = 0. Is l prime?
False
Suppose 22983732 - 131387459 = -45*f - 38*f. Is f a composite number?
False
Is (65/(-7) - 2/(-7))*(-17666459)/1641 prime?
False
Let c = 717 + -710. Suppose -4*q + 54404 = c*z - 11*z, 2*z = 4*q - 54396. Is q prime?
True
Suppose -34*v + 46431 = -23*v. Suppose -5*w = -3749 - v. Is w composite?
True
Let m be ((-14)/3)/(6/18). Let v = m - -20. Suppose -4*c + 2738 = -4*t + v*t, 1357 = t - c. Is t a composite number?
False
Let q = 5320 + 4147. Is q composite?
False
Let d be 362*(2 + (-34)/16)*-4. Suppose -t + 4*j - d = -736, 0 = -2*t + 4*j + 1114. Is t a prime number?
False
Suppose g + 5 = -4*g. Let x(r) = 1 - 34 - 5*r + 10 + 84*r**2 + 12 + 7. Is x(g) a composite number?
True
Let n = 93 - 94. Is 22899/24 + n - (-2)/(-16) composite?
False
Is (-8879591)/(-35) - (-2)/5 prime?
True
Is ((-65)/(-2))/(695/4753522) a composite number?
True
Let y(u) = 107*u**3 + 22*u**2 - 67*u + 43. Is y(21) a composite number?
True
Is (6022/5)/(((-23)/115)/((-43)/2)) prime?
False
Let z(k) be the third derivative of -19/6*k**3 + 0*k + 0 - 11/12*k**4 - 13*k**2. Is z(-6) a prime number?
True
Let l(o) = -2*o**3 + o**2 + o + 1. Let b be l(-1). Suppose -1330 - 1715 = -5*k. Suppose b*s = -0*s + k. Is s a composite number?
True
Let s = 17765 - -6124. Is s a prime number?
False
Let l be (0 + 58)*154/4. Let g(c) = 16*c**2 + c - 104. Let b be g(10). Let w = l - b. Is w a prime number?
True
Let f(v) be the first derivative of 13*v**4/4 - 2*v**3 + 15*v**2/2 - 61*v - 197. Is f(8) a composite number?
True
Suppose -6*w + 4199 = -15193. Let r = w + -1029. Is r a prime number?
True
Suppose -63*q + 17*q + 2346 = 0. Suppose q*w - 139744 = 19*w. Is w composite?
True
Suppose -365 = 9*o - 4*o. Let u = 71 + o. Is (-1*(u - -4))/((-2)/787) prime?
True
Suppose 6*r = -0*r + 36. Suppose r*a - 8763 = 18075. Suppose -7*z = -16*z + a. Is z a composite number?
True
Let y(b) = 4*b**3 - 16*b**2 - 19*b. Let x be y(5). Suppose x*o - 8*o = 3*i - 50715, -4*o - i + 67632 = 0. Is o a prime number?
False
Let p be 11 - 8/(12/6). Suppose p*g = -8557 + 48842. Is g a prime number?
False
Suppose -2*k - 2*h + 1972080 = 0, -5*k + 6383245 - 1453065 = h. Is k prime?
False
Let g be -2 + (-9)/((-27)/12). Suppose -g*a + 3*a - 10497 = -5*q, -10487 = -5*q + 4*a. Is q a composite number?
False
Let o(j) = j**2 + 22*j + 25. Suppose 0 = -0*c - c - 21. Let b be o(c). Suppose r + 452 = 3*g, 4*g - b*r - 329 = 287. Is g composite?
False
Suppose -2*u - 10 = 3*n - 17, 0 = -4*n - 4*u + 4. Suppose -5*b + 47925 = -n*x, -32*x + 36*x = 2*b - 19162. Is b a prime number?
False
Let m(z) = 2*z**3 + 15*z**2 + 7*z + 3. Let i be m(-7). Suppose -i*q - 3829 = -11656. Is q composite?
False
Let c(d) = 2*d - 3. Let y be c(2). Let t be y - (-804 - (-2 + -2)). Let s = t + -532. Is s composite?
False
Let w(d) = -131*d**3 - 60*d**2 - 10*d + 53. Is w(-16) composite?
False
Let q(p) = -255*p**3 + 7*p**2 - 80*p - 619. Is q(-13) a prime number?
True
Let q(h) be the first derivative of h**4/4 + 20*h**3/3 + 17*h**2/2 + 35*h + 10. Suppose -13*t + 8*t + 3*o - 97 = 0, -4*t - 88 = -5*o. Is q(t) prime?
True
Suppose -2*s - 261*v + 2336 = -263*v,